{"id":81,"date":"2021-06-18T09:37:28","date_gmt":"2021-06-18T09:37:28","guid":{"rendered":"https:\/\/oficinadotato.ese.ipp.pt\/?page_id=81"},"modified":"2021-06-18T09:37:28","modified_gmt":"2021-06-18T09:37:28","slug":"produtos","status":"publish","type":"page","link":"https:\/\/oficinadotato.ese.ipp.pt\/index.php\/produtos\/","title":{"rendered":"Produtos"},"content":{"rendered":"\n<p>O produto das atividades colaborativas (projetos) ser\u00e1 direcionado para diversas \u00e1reas, mas tentar-se-\u00e1 sempre que seja dirigido a p\u00fablicos carenciados ou com grande necessidade de solu\u00e7\u00f5es t\u00e9cnicas que minimizem incapacidades.<\/p>\n\n\n\n<p>Trata-se de aproveitar o potencial da prototipagem e constru\u00e7\u00e3o acess\u00edvel, para construir solu\u00e7\u00f5es customiz\u00e1veis que, em geral, apenas est\u00e3o dispon\u00edveis nos circuitos comerciais especializados &nbsp;com pre\u00e7os proibitivos.<\/p>\n\n\n\n<p>Vejamos alguns exemplos:<\/p>\n","protected":false},"excerpt":{"rendered":"<p>O produto das atividades colaborativas (projetos) ser\u00e1 direcionado para diversas \u00e1reas, mas tentar-se-\u00e1 sempre que seja dirigido a p\u00fablicos carenciados ou com grande necessidade de solu\u00e7\u00f5es t\u00e9cnicas que minimizem incapacidades. Trata-se de aproveitar o potencial da prototipagem e constru\u00e7\u00e3o acess\u00edvel, para construir solu\u00e7\u00f5es customiz\u00e1veis que, em geral, apenas est\u00e3o dispon\u00edveis nos circuitos comerciais especializados &nbsp;com [&hellip;]<\/p>\n","protected":false},"author":2,"featured_media":0,"parent":0,"menu_order":0,"comment_status":"closed","ping_status":"closed","template":"","meta":{"footnotes":""},"class_list":["post-81","page","type-page","status-publish","hentry","post"],"_links":{"self":[{"href":"https:\/\/oficinadotato.ese.ipp.pt\/index.php\/wp-json\/wp\/v2\/pages\/81","targetHints":{"allow":["GET"]}}],"collection":[{"href":"https:\/\/oficinadotato.ese.ipp.pt\/index.php\/wp-json\/wp\/v2\/pages"}],"about":[{"href":"https:\/\/oficinadotato.ese.ipp.pt\/index.php\/wp-json\/wp\/v2\/types\/page"}],"author":[{"embeddable":true,"href":"https:\/\/oficinadotato.ese.ipp.pt\/index.php\/wp-json\/wp\/v2\/users\/2"}],"replies":[{"embeddable":true,"href":"https:\/\/oficinadotato.ese.ipp.pt\/index.php\/wp-json\/wp\/v2\/comments?post=81"}],"version-history":[{"count":1,"href":"https:\/\/oficinadotato.ese.ipp.pt\/index.php\/wp-json\/wp\/v2\/pages\/81\/revisions"}],"predecessor-version":[{"id":82,"href":"https:\/\/oficinadotato.ese.ipp.pt\/index.php\/wp-json\/wp\/v2\/pages\/81\/revisions\/82"}],"wp:attachment":[{"href":"https:\/\/oficinadotato.ese.ipp.pt\/index.php\/wp-json\/wp\/v2\/media?parent=81"}],"curies":[{"name":"wp","href":"https:\/\/api.w.org\/{rel}","templated":true}]}}